= -19*i + 3 - 18 + 12 - 2 + 2*i**2. Give w(11).
28
Let c(w) be the first derivative of -w**2 + 2*w - 1. Suppose 365*f = 361*f - 20. Let s(y) = -3*y + 4. Let r(o) = f*c(o) + 3*s(o). What is r(3)?
5
Suppose -3*w - 3*v = 45, -w - 5*v = 7 + 24. Let f(n) = n**2 + 12*n - 10. What is f(w)?
-21
Let x(w) = -w + 11. Let c(m) be the first derivative of -m**4/4 - 4*m**3/3 - 2*m**2 - 3*m - 18. Let k be c(-3). Calculate x(k).
11
Let r = -44 - -103. Let q = -65 + r. Let w(v) = v**3 + 5*v**2 - 3*v + 6. Determine w(q).
-12
Let p(l) = -4 - 10*l**2 + 9*l - 273*l**3 + 113*l**3 + 161*l**3. Give p(9).
-4
Let f(l) = 3*l + 12. Let d be 2/((-4)/(-5) - (-120)/(-100)). Give f(d).
-3
Suppose -7*l = -27 - 15. Let p(d) = 2*d**3 + 6*d**2 - 11. Let o(z) = z**3 + 6*z**2 - 10. Let y(v) = -3*o(v) + 2*p(v). Determine y(l).
8
Let b be (-4)/(-3*(-8)/(-36)). Let o(x) be the third derivative of 1/8*x**4 + 0 - 1/3*x**3 + b*x**2 + 0*x. What is o(4)?
10
Let t(x) = x**3 + 4*x**2 + 3*x - 3. Let p = 7 - 4. Let w be 3 + (-18)/p - 12. Let s = 12 + w. Determine t(s).
-3
Let m = -1163 - -1164. Let a(c) = -24*c + 4. Calculate a(m).
-20
Suppose -6*u + 1 = -11. Let l(y) = 5 - y**2 + 2*y**u + y - 14*y + 5*y. Suppose -5*x - 2*j + 35 = 0, -3*x = 2*x - 2*j - 15. What is l(x)?
-10
Let s(c) = -11*c - 1. Let o(n) = -4*n. Let k(a) = 6*o(a) - 2*s(a). Calculate k(-5).
12
Suppose 0 = -2*j - t + 8, 0 = -5*j + 4*t - 6*t + 20. Let v be ((-20)/(-5))/(j/3). Let l(h) be the third derivative of -h**4/12 - 2*h**3/3 - 6*h**2. Give l(v).
-10
Let y(r) be the third derivative of r**4/24 + r**2. Let i(u) = -u**2 + 18*u + 24. Let l be i(19). Suppose -4 = -l*p + p. Calculate y(p).
1
Let w(z) = 3*z**2 + 10*z + 4. Let o(i) = 4*i**2 + 9*i + 2. Let g(m) = -2*o(m) + 3*w(m). Calculate g(-9).
-19
Let b(p) be the third derivative of p**5/60 - p**4/6 - 5*p**3/6 - 20*p**2 - 2. Determine b(5).
0
Let x(p) = -p**3 - 3*p**2 - 3*p - 3. Let o be ((-4)/(-5))/(70/(-2100)). Suppose -5*b + 5 = 0, 3*m - 2*m + 3*b + 19 = 0. Let g = o - m. What is x(g)?
-1
Let a(w) = w**3 - 2*w**2 - 2*w - 1. Let i be a(3). Suppose -5*d - 12 = i*b, d + 4 = -3*d - 3*b. Let v(j) = -j**3 - 3*j**2 + 6*j + 3. Calculate v(d).
-5
Let m be (-3)/(-3) + 5/(-1). Let z(y) = -1087*y + 1085*y - 3 - 1. What is z(m)?
4
Let g(m) = -m**2 - 5*m + 4. Let z be g(-5). Let s = -3 + 3. Suppose 0 = z*x - s*x + 16. Let l(j) = j**3 + 3*j**2 + 4. Calculate l(x).
-12
Let u(h) be the first derivative of 7 + 2*h + 4/3*h**3 - h**2 + 1/4*h**4. Calculate u(-4).
10
Suppose -4*y - 14 = -18. Let v(t) = -t**3 + 6*t**2 + t + 1. Let m(w) = -w**3 + w**2 - w. Let b(p) = y*v(p) - 2*m(p). What is b(-4)?
-11
Let l(j) be the second derivative of j**3/2 - 9*j. Let t(v) = v - 8. Let c be t(10). Suppose -2*s + c = -0. Calculate l(s).
3
Let l(o) = -16*o**2 - 11*o - 15. Let f(j) = 33*j**2 + 23*j + 32. Let h(g) = 6*f(g) + 13*l(g). Calculate h(-2).
-33
Let i be ((-5)/2)/5 + (-531)/(-18). Let w = -34 + i. Let o(v) = -v**3 - 6*v**2 - 3*v - 6. Give o(w).
-16
Suppose -3*l = -5*b + 1, 3*b + l = 4*b + 1. Let f(m) = 2*m + 5. Let q be f(-1). Let z(t) = 84*t**q - 85*t**3 + 8*t**2 - 5*t**2 - 2*t. What is z(b)?
0
Let u(d) = 9*d**2 + 15*d - 7. Let v(n) = -11*n**2 - 17*n + 9. Let q(b) = 6*u(b) + 5*v(b). Calculate q(-5).
-47
Let g(h) be the first derivative of 5/3*h**3 + 1/20*h**5 + 0*h**2 - 1 + 7/24*h**4 + 1/360*h**6 + 0*h. Let x(l) be the third derivative of g(l). Give x(-6).
7
Let r(z) = -z - 4. Let l be 22/99 + 1/(9/484). Let a = l - 57. Give r(a).
-1
Let z(c) = -79*c + 33. Let d(w) = 43*w - 17. Let j(s) = -11*d(s) - 6*z(s). Give j(12).
1
Let d(b) = -1 - b - b - 2*b**2 - b. Let n be ((-28)/21)/((-66)/(-18) - 3). What is d(n)?
-3
Let k(a) be the second derivative of a**5/20 + 3*a**4/4 - 11*a**3/6 - 9*a**2/2 + a + 28. Give k(-10).
1
Let g(l) = 3*l**2 - 2*l + 1. Suppose 5*q + 27 = -3. Let j(c) = c**3 + 5*c**2 - 8*c - 9. Let w be j(q). Give g(w).
22
Let w(m) = m + 7. Suppose 7*n = 3*n - 148. Let r = n - -32. Calculate w(r).
2
Let r be 68/5 + (-4)/(-10). Let j(l) = -9*l**2 + 2*l + r*l**2 + 5 - 4 + 7*l**2. Calculate j(-1).
11
Let y(v) be the third derivative of 0*v + 1/6*v**3 + 1/12*v**4 - 20*v**2 + 0. What is y(-1)?
-1
Let y(d) = -d**2 + 15*d + 1. Let j = -2307 + 2322. Calculate y(j).
1
Let i = 207 + -203. Let d(h) be the second derivative of 0 + i*h**2 + 1/12*h**4 + 7*h + 7/6*h**3. Determine d(-6).
2
Suppose 3*h - 10*h = 0. Let c(z) = h - 11 - 2*z - 1. Determine c(-9).
6
Let p(o) = 3*o + 4. Suppose 4*v + 21 = q, -2*v + 5*v + 19 = 4*q. Let h(r) = -r - 3. Let t(s) = v*h(s) - 4*p(s). What is t(2)?
-15
Let f(t) = t**3 + 5*t**2 - 5*t + 5. Let w(v) = -v**3 - 8*v**2 - 8*v - 6. Let i be w(-7). Let x = -8 - -1. Let u = x + i. Determine f(u).
-1
Let s(m) = -7*m**3 + 14*m**2 + 20*m + 7. Let l(a) = -10*a**3 + 21*a**2 + 29*a + 10. Let w(j) = 5*l(j) - 7*s(j). Calculate w(8).
-23
Let g = -16 - -28. Suppose 2*a = -2*a + g. Suppose -4*o = -4*l - a + 7, -2 = 2*l. Let h(d) = -5*d. What is h(o)?
10
Let p(d) = -d**3 - 2*d**2 - 2*d - 1. Let v be p(-1). Let t(a) be the second derivative of -a**4/12 - a**3/6 + 13*a**2/2 - 97*a + 1. Calculate t(v).
13
Let l be 2*(-13)/234*(-1 - 2). Let f(y) be the third derivative of 0*y + 4*y**2 + 0 - l*y**3 + 7/24*y**4 - 1/60*y**5. Give f(6).
4
Suppose 2*f - 10 = -8. Let y be 6/(-12)*(f - -5). Let l(n) = n**3 + 2*n**2 - n - 2. Give l(y).
-8
Suppose -7 = -n - 3*m, -n - 2*m + 0 + 3 = 0. Let y(l) = -2*l - 1 + l**2 + 5*l - 6. Determine y(n).
3
Let d(y) be the second derivative of y**3/6 + y**2 + 49*y - 1. Let v(s) = -s - 5. Let l be v(-12). Give d(l).
9
Let r(a) = -a**2 - 7*a + 11. Let b(k) = -8*k. Let l be b(1). Let i be r(l). Let x = 9 - i. Let t(w) = -w**2 + 6*w - 6. What is t(x)?
-6
Let b(r) = r**2 - 5*r + 7. Let s(x) = -2*x + 17. Let l be s(7). Suppose 2 = -2*j + 5*o - 3, 6 = l*j - 3*o. Give b(j).
7
Let y(n) = n**3 - 15*n**2 + 10*n - 17. Let i(x) = x**3 - 16*x**2 + 10*x - 18. Let z(f) = 6*i(f) - 7*y(f). What is z(8)?
-5
Let v be 16/(-2) - (60 + -66). Let c(x) = 8*x + 9. Determine c(v).
-7
Let a(g) be the second derivative of -g**6/120 - 2*g**5/15 - g**4/24 + g**3/3 + 5*g**2 + 37*g. Let u(c) be the first derivative of a(c). Give u(-8).
10
Let u(g) be the first derivative of 3/4*g**4 + 0*g**3 + 3*g - 21 + g**2. Calculate u(-2).
-25
Suppose c - 23 = -20, 4*x - 4*c + 48 = 0. Let a(g) = 4*g**3 + 7*g**2 + 11*g + 5. Let f(n) = 3*n**3 + 8*n**2 + 11*n + 6. Let o(t) = 2*a(t) - 3*f(t). Give o(x).
10
Let r = -13 - -16. Let l(s) = -3*s + 7. Let v be l(r). Let w(x) = -2 - 2*x + 2*x**2 + 0*x - 1. Determine w(v).
9
Suppose 0 + 20 = 4*k. Suppose 108 - 12 = 4*i. Suppose -k*h + i = -h. Let u(q) = q**3 - 6*q**2 - q + 8. Determine u(h).
2
Suppose -5*k - 3*z + 21 = -14, -2*z = 0. Let q(g) = -g**3 + 5*g**2 + 10*g - 8. Calculate q(k).
-36
Let x(a) be the third derivative of 0*a + 0 - a**2 - a**3 + 7/24*a**4 - 2/15*a**5 + 1/120*a**6. Calculate x(7).
-6
Let h(d) = -d**2 - 2*d + 5. Let o be -1*(3/2)/((-7)/(-14)). Let s be h(o). Let z(p) = -p**2 + 2*p - 2. Determine z(s).
-2
Let h(b) be the first derivative of b**2/2 + b - 1839. Let y(w) = -w**3 + 4*w**2 + 4*w + 1. Let g be y(5). Determine h(g).
-3
Let y(r) = r**2 - r + 13. Suppose 0 = 2*c + 5*b + 7, b = -3*c + 4 + 5. Suppose n + 3 = 3*n + 3*o, -c*n - 2*o = -2. Give y(n).
13
Let a(z) = -23*z**3 + 2*z**2 + 2*z + 1. Let k = 19 - 20. What is a(k)?
24
Let c(o) be the second derivative of -o**4/12 - o**3/3 - o**2/2 + o + 5. Let k be (2/5)/((-1)/(-5)). Give c(k).
-9
Let q(c) = c**3 - 5*c**2 - 5*c. Let u be q(6). Suppose 10 = -4*z - 5*n, z - 3*n = 4*z + u. Let w(b) = -1 - 2*b**2 + 3*b**2 - b + 3. Give w(z).
2
Let w(b) be the first derivative of -3*b**2/2 - 5*b + 390. Determine w(-3).
4
Let c(j) be the second derivative of -j**2 - j + 0 + 0*j**3 - 1/12*j**4. Determine c(3).
-11
Suppose -68*n = -66*n. Let c be 0/3 - -2*1. Let y(v) = -v + c*v + n*v - 10. Calculate y(5).
-5
Let y(i) = 0*i + i**2 + 5*i + 5 - 1. Suppose -71*l = -74*l - 15. Determine y(l).
4
Let r(k) = k + 1. Suppose 4*y + 4*u + 141 - 13 = 0, 2*y - 2*u = -80. Let x be (-18)/y + 2/(-4). Suppose -p = 4 - x. Determine r(p).
-3
Let q = 10 - 17. Suppose 3*c = c + 9*c. Let z(n) = 5 - 2*n + 2*n + c*n + n. Determine z(q).
-2
Let o(b) = -b**3 + 7*b**2 - 6*b - 1. Let r be o(6). Let k(w) = -8*w**2 - 10*w - 5. Let j(x) = 5*x + 2. Let l(h) = 2*j(h